{"id":3240,"date":"2025-04-14T00:04:20","date_gmt":"2025-04-14T00:04:20","guid":{"rendered":"https:\/\/abraco.org.br\/intercorr2025\/?page_id=3240"},"modified":"2025-04-17T16:16:35","modified_gmt":"2025-04-17T16:16:35","slug":"luciano-procopio-da-silva","status":"publish","type":"page","link":"https:\/\/abraco.org.br\/intercorr2025\/luciano-procopio-da-silva\/","title":{"rendered":"Luciano Proc\u00f3pio da Silva"},"content":{"rendered":"\t\t<div data-elementor-type=\"wp-page\" data-elementor-id=\"3240\" class=\"elementor elementor-3240\" data-elementor-post-type=\"page\">\n\t\t\t\t<div class=\"elementor-element elementor-element-0a813a3 e-flex e-con-boxed e-con e-parent\" data-id=\"0a813a3\" data-element_type=\"container\" data-settings=\"{&quot;background_background&quot;:&quot;classic&quot;}\">\n\t\t\t\t\t<div class=\"e-con-inner\">\n\t\t<div class=\"elementor-element elementor-element-ee90008 e-con-full e-flex e-con e-child\" data-id=\"ee90008\" data-element_type=\"container\">\n\t\t\t\t<div class=\"elementor-element elementor-element-e39af87 elementor-widget elementor-widget-heading\" data-id=\"e39af87\" data-element_type=\"widget\" data-widget_type=\"heading.default\">\n\t\t\t\t<div class=\"elementor-widget-container\">\n\t\t\t\t\t<h2 class=\"elementor-heading-title elementor-size-default\">Armazenamento Subterr\u00e2neo de Hidrog\u00eanio no Pr\u00e9-Sal: Desafios Microbianos e Impactos na Integridade Estrutural\t<\/h2>\t\t\t\t<\/div>\n\t\t\t\t<\/div>\n\t\t\t\t<div class=\"elementor-element elementor-element-feab3f0 elementor-widget elementor-widget-text-editor\" data-id=\"feab3f0\" data-element_type=\"widget\" data-widget_type=\"text-editor.default\">\n\t\t\t\t<div class=\"elementor-widget-container\">\n\t\t\t\t\t\t\t\t\t<p>A transi\u00e7\u00e3o para o uso de energias renov\u00e1veis em condi\u00e7\u00f5es economicamente sustent\u00e1veis requer em primeira m\u00e3o o armazenamento em larga escala de suas matrizes, em especial o g\u00e1s H2. Estoques de H2 permitem um fornecimento imediato de energia para suprir demandas di\u00e1rias, bem como amenizar flutua\u00e7\u00f5es de varia\u00e7\u00f5es de pre\u00e7os de mercado. Uma das op\u00e7\u00f5es mais vi\u00e1veis atualmente consiste em injetar o g\u00e1s H2 em cavernas subterr\u00e2neas de sal como utilizado na Europa e EUA. No Brasil, embora esta atividade ainda seja incipiente, a explora\u00e7\u00e3o do pr\u00e9-sal disponibilizou uma rede de po\u00e7os exauridos de \u00f3leo com potencial para serem usados como reservat\u00f3rios de H2. Contudo, a possibilidade de armazenar g\u00e1s H2 no pr\u00e9-sal enfrenta desafios. Isso porque, durante a explora\u00e7\u00e3o do petr\u00f3leo s\u00e3o injetados flu\u00eddos para sua recupera\u00e7\u00e3o, os quais invariavelmente introduzem micro-organismos, especialmente bact\u00e9rias e arqueias, s\u00e3o adapt\u00e1veis \u00e0s condi\u00e7\u00f5es ambientais presentes e exercem significante preju\u00edzo ao armazenamento do H2. O impacto do metabolismo microbiano sobre o g\u00e1s H2 \u00e9 prejudicial do ponto de vista comercial, uma vez que diminui sensivelmente a quantidade de H2, e ambiental ao produzir como subproduto o g\u00e1s H2S. Al\u00e9m disso, o H2S tem uma a\u00e7\u00e3o corrosiva imediata nas estruturas met\u00e1licas empregadas no transporte e armazenamento do H2. Este trabalho descreve o estado da arte sobre os diferentes aspectos da a\u00e7\u00e3o microbiana sobre o g\u00e1s H2 em uma situa\u00e7\u00e3o de armazenamento em cavernas de sal.<\/p>\t\t\t\t\t\t\t\t<\/div>\n\t\t\t\t<\/div>\n\t\t\t\t<\/div>\n\t\t<div class=\"elementor-element elementor-element-334a169 e-con-full elementor-hidden-mobile e-flex e-con e-child\" data-id=\"334a169\" data-element_type=\"container\">\n\t\t\t\t<\/div>\n\t\t\t\t\t<\/div>\n\t\t\t\t<\/div>\n\t\t<div class=\"elementor-element elementor-element-f330146 e-flex e-con-boxed e-con e-parent\" data-id=\"f330146\" data-element_type=\"container\">\n\t\t\t\t\t<div class=\"e-con-inner\">\n\t\t\t\t<div class=\"elementor-element elementor-element-a83f93c elementor-cta--layout-image-left elementor-cta--mobile-layout-image-above elementor-cta--valign-middle elementor-cta--skin-classic elementor-animated-content elementor-bg-transform elementor-bg-transform-zoom-in elementor-widget elementor-widget-call-to-action\" data-id=\"a83f93c\" data-element_type=\"widget\" data-widget_type=\"call-to-action.default\">\n\t\t\t\t<div class=\"elementor-widget-container\">\n\t\t\t\t\t\t\t<div class=\"elementor-cta\">\n\t\t\t\t\t<div class=\"elementor-cta__bg-wrapper\">\n\t\t\t\t<div class=\"elementor-cta__bg elementor-bg\" style=\"background-image: url(https:\/\/abraco.org.br\/intercorr2025\/wp-content\/uploads\/2025\/04\/Luciano-Procopio.jpeg);\" role=\"img\" aria-label=\"Luciano Procopio\"><\/div>\n\t\t\t\t<div class=\"elementor-cta__bg-overlay\"><\/div>\n\t\t\t<\/div>\n\t\t\t\t\t\t\t<div class=\"elementor-cta__content\">\n\t\t\t\t\n\t\t\t\t\t\t\t\t\t<h2 class=\"elementor-cta__title elementor-cta__content-item elementor-content-item\">\n\t\t\t\t\t\tLuciano Proc\u00f3pio da Silva\t\t\t\t\t<\/h2>\n\t\t\t\t\n\t\t\t\t\t\t\t\t\t<div class=\"elementor-cta__description elementor-cta__content-item elementor-content-item\">\n\t\t\t\t\t\tBi\u00f3logo e PhD em Microbiologia. Atua na \u00e1rea de biorremedia\u00e7\u00e3o e biocorros\u00e3o de metais desde 2010. Atualmente \u00e9 pesquisador bolsista PCI no Laborat\u00f3rio de Biocorros\u00e3o e Biodegrada\u00e7\u00e3o- LABIO (LABIO), no Instituto Nacional de Tecnologia (INT\/MCTI) desde 2023. Recentemente foi aprovado no concurso para o cargo de Tecnologista Pleno em Biocorros\u00e3o e Biodegrada\u00e7\u00e3o no LABIO\/INT.<br>\nPossui in\u00fameros trabalhos cient\u00edficos publicados em peri\u00f3dicos internacionais, cap\u00edtulos em livros na \u00e1rea de biorremedia\u00e7\u00e3o em biocorros\u00e3o, orienta\u00e7\u00e3o de alunos de gradua\u00e7\u00e3o e p\u00f3s-gradua\u00e7\u00e3o, projetos de pesquisa aprovados em institui\u00e7\u00f5es de fomento e ind\u00fastrias brasileiras no setor de \u00f3leo e g\u00e1s.\n\t\t\t\t\t<\/div>\n\t\t\t\t\n\t\t\t\t\t\t\t<\/div>\n\t\t\t\t\t\t<\/div>\n\t\t\t\t\t\t<\/div>\n\t\t\t\t<\/div>\n\t\t\t\t\t<\/div>\n\t\t\t\t<\/div>\n\t\t\t\t<\/div>\n\t\t","protected":false},"excerpt":{"rendered":"<p>Armazenamento Subterr\u00e2neo de Hidrog\u00eanio no Pr\u00e9-Sal: Desafios Microbianos e Impactos na Integridade Estrutural A transi\u00e7\u00e3o para o uso de energias renov\u00e1veis em condi\u00e7\u00f5es economicamente sustent\u00e1veis requer em primeira m\u00e3o o armazenamento em larga escala de suas matrizes, em especial o g\u00e1s H2. Estoques de H2 permitem um fornecimento imediato de energia para suprir demandas di\u00e1rias, [&hellip;]<\/p>\n","protected":false},"author":1,"featured_media":0,"parent":0,"menu_order":0,"comment_status":"closed","ping_status":"closed","template":"elementor_header_footer","meta":{"footnotes":""},"class_list":["post-3240","page","type-page","status-publish","hentry"],"_links":{"self":[{"href":"https:\/\/abraco.org.br\/intercorr2025\/wp-json\/wp\/v2\/pages\/3240","targetHints":{"allow":["GET"]}}],"collection":[{"href":"https:\/\/abraco.org.br\/intercorr2025\/wp-json\/wp\/v2\/pages"}],"about":[{"href":"https:\/\/abraco.org.br\/intercorr2025\/wp-json\/wp\/v2\/types\/page"}],"author":[{"embeddable":true,"href":"https:\/\/abraco.org.br\/intercorr2025\/wp-json\/wp\/v2\/users\/1"}],"replies":[{"embeddable":true,"href":"https:\/\/abraco.org.br\/intercorr2025\/wp-json\/wp\/v2\/comments?post=3240"}],"version-history":[{"count":10,"href":"https:\/\/abraco.org.br\/intercorr2025\/wp-json\/wp\/v2\/pages\/3240\/revisions"}],"predecessor-version":[{"id":3327,"href":"https:\/\/abraco.org.br\/intercorr2025\/wp-json\/wp\/v2\/pages\/3240\/revisions\/3327"}],"wp:attachment":[{"href":"https:\/\/abraco.org.br\/intercorr2025\/wp-json\/wp\/v2\/media?parent=3240"}],"curies":[{"name":"wp","href":"https:\/\/api.w.org\/{rel}","templated":true}]}}