{"id":3822,"date":"2025-05-18T21:08:02","date_gmt":"2025-05-18T21:08:02","guid":{"rendered":"https:\/\/abraco.org.br\/intercorr2025\/?page_id=3822"},"modified":"2025-05-18T21:09:44","modified_gmt":"2025-05-18T21:09:44","slug":"ivano-magnifico","status":"publish","type":"page","link":"https:\/\/abraco.org.br\/intercorr2025\/ivano-magnifico\/","title":{"rendered":"Ivano Magnifico"},"content":{"rendered":"\t\t<div data-elementor-type=\"wp-page\" data-elementor-id=\"3822\" class=\"elementor elementor-3822\" data-elementor-post-type=\"page\">\n\t\t\t\t<div class=\"elementor-element elementor-element-0a813a3 e-flex e-con-boxed e-con e-parent\" data-id=\"0a813a3\" data-element_type=\"container\" data-settings=\"{&quot;background_background&quot;:&quot;classic&quot;}\">\n\t\t\t\t\t<div class=\"e-con-inner\">\n\t\t<div class=\"elementor-element elementor-element-ee90008 e-con-full e-flex e-con e-child\" data-id=\"ee90008\" data-element_type=\"container\">\n\t\t\t\t<div class=\"elementor-element elementor-element-e39af87 elementor-widget elementor-widget-heading\" data-id=\"e39af87\" data-element_type=\"widget\" data-widget_type=\"heading.default\">\n\t\t\t\t<div class=\"elementor-widget-container\">\n\t\t\t\t\t<h2 class=\"elementor-heading-title elementor-size-default\">Monitora\u00e7\u00e3o Remota de Sistemas de Prote\u00e7\u00e3o Cat\u00f3dica de Dutos com o Uso de Retificadores e Pontos de Teste Inteligentes<\/h2>\t\t\t\t<\/div>\n\t\t\t\t<\/div>\n\t\t\t\t<div class=\"elementor-element elementor-element-feab3f0 elementor-widget elementor-widget-text-editor\" data-id=\"feab3f0\" data-element_type=\"widget\" data-widget_type=\"text-editor.default\">\n\t\t\t\t<div class=\"elementor-widget-container\">\n\t\t\t\t\t\t\t\t\t<p>O transporte e distribui\u00e7\u00e3o de produtos por dutos tem experimentado r\u00e1pida moderniza\u00e7\u00e3o tecnol\u00f3gica ao redor do mundo. A necessidade de manter esses ativos \u00edntegros, os cuidados para evitar acidentes e as leis cada vez mais severas, est\u00e3o acelerando a transi\u00e7\u00e3o tecnol\u00f3gica de processos antigos e obsoletos para sistemas modernos, remotos e inteligentes de monitoramento \u00e0 dist\u00e2ncia, tanto da opera\u00e7\u00e3o dos dutos, quanto dos seus equipamentos e dispositivos de prote\u00e7\u00e3o cat\u00f3dica.<br \/>Os sistemas de monitoramento remoto mais modernos utilizam retificadores e pontos de teste inteligentes, com retificadores bem menores e mais leves, que podem ser regulados e ajustados \u00e0 dist\u00e2ncia, enviam instantaneamente relat\u00f3rios de diagn\u00f3stico de problemas importantes, permitem redu\u00e7\u00e3o de at\u00e9 20% no consumo de energia el\u00e9trica e eliminam a necessidade de enviar equipes t\u00e9cnicas aos locais para a inspe\u00e7\u00e3o dos equipamentos. J\u00e1 os pontos de teste inteligentes permitem que os retificadores sejam regulados em fun\u00e7\u00e3o dos potenciais medidos nos locais de distribui\u00e7\u00e3o de corrente mais desfavor\u00e1veis, garantindo que o sistema de prote\u00e7\u00e3o cat\u00f3dica opere automaticamente, com total efici\u00eancia, seguran\u00e7a e baixo custo de inspe\u00e7\u00e3o e opera\u00e7\u00e3o.<\/p>\t\t\t\t\t\t\t\t<\/div>\n\t\t\t\t<\/div>\n\t\t\t\t<\/div>\n\t\t<div class=\"elementor-element elementor-element-334a169 e-con-full elementor-hidden-mobile e-flex e-con e-child\" data-id=\"334a169\" data-element_type=\"container\">\n\t\t\t\t<\/div>\n\t\t\t\t\t<\/div>\n\t\t\t\t<\/div>\n\t\t<div class=\"elementor-element elementor-element-f330146 e-flex e-con-boxed e-con e-parent\" data-id=\"f330146\" data-element_type=\"container\">\n\t\t\t\t\t<div class=\"e-con-inner\">\n\t\t\t\t<div class=\"elementor-element elementor-element-a83f93c elementor-cta--layout-image-left elementor-cta--mobile-layout-image-above elementor-cta--valign-middle elementor-cta--skin-classic elementor-animated-content elementor-bg-transform elementor-bg-transform-zoom-in elementor-widget elementor-widget-call-to-action\" data-id=\"a83f93c\" data-element_type=\"widget\" data-widget_type=\"call-to-action.default\">\n\t\t\t\t<div class=\"elementor-widget-container\">\n\t\t\t\t\t\t\t<div class=\"elementor-cta\">\n\t\t\t\t\t\t\t<div class=\"elementor-cta__content\">\n\t\t\t\t\n\t\t\t\t\t\t\t\t\t<h2 class=\"elementor-cta__title elementor-cta__content-item elementor-content-item\">\n\t\t\t\t\t\tIvano Magnifico \t\t\t\t\t<\/h2>\n\t\t\t\t\n\t\t\t\t\n\t\t\t\t\t\t\t<\/div>\n\t\t\t\t\t\t<\/div>\n\t\t\t\t\t\t<\/div>\n\t\t\t\t<\/div>\n\t\t\t\t\t<\/div>\n\t\t\t\t<\/div>\n\t\t\t\t<\/div>\n\t\t","protected":false},"excerpt":{"rendered":"<p>Monitora\u00e7\u00e3o Remota de Sistemas de Prote\u00e7\u00e3o Cat\u00f3dica de Dutos com o Uso de Retificadores e Pontos de Teste Inteligentes O transporte e distribui\u00e7\u00e3o de produtos por dutos tem experimentado r\u00e1pida moderniza\u00e7\u00e3o tecnol\u00f3gica ao redor do mundo. A necessidade de manter esses ativos \u00edntegros, os cuidados para evitar acidentes e as leis cada vez mais severas, [&hellip;]<\/p>\n","protected":false},"author":1,"featured_media":0,"parent":0,"menu_order":0,"comment_status":"closed","ping_status":"closed","template":"elementor_header_footer","meta":{"footnotes":""},"class_list":["post-3822","page","type-page","status-publish","hentry"],"_links":{"self":[{"href":"https:\/\/abraco.org.br\/intercorr2025\/wp-json\/wp\/v2\/pages\/3822","targetHints":{"allow":["GET"]}}],"collection":[{"href":"https:\/\/abraco.org.br\/intercorr2025\/wp-json\/wp\/v2\/pages"}],"about":[{"href":"https:\/\/abraco.org.br\/intercorr2025\/wp-json\/wp\/v2\/types\/page"}],"author":[{"embeddable":true,"href":"https:\/\/abraco.org.br\/intercorr2025\/wp-json\/wp\/v2\/users\/1"}],"replies":[{"embeddable":true,"href":"https:\/\/abraco.org.br\/intercorr2025\/wp-json\/wp\/v2\/comments?post=3822"}],"version-history":[{"count":4,"href":"https:\/\/abraco.org.br\/intercorr2025\/wp-json\/wp\/v2\/pages\/3822\/revisions"}],"predecessor-version":[{"id":3826,"href":"https:\/\/abraco.org.br\/intercorr2025\/wp-json\/wp\/v2\/pages\/3822\/revisions\/3826"}],"wp:attachment":[{"href":"https:\/\/abraco.org.br\/intercorr2025\/wp-json\/wp\/v2\/media?parent=3822"}],"curies":[{"name":"wp","href":"https:\/\/api.w.org\/{rel}","templated":true}]}}